of 4*-10*(-6)/16.
3, 5
Let w(r) = -6*r**3 - r**2 - 3*r - 3. Let p be 5 - 5 - (-4)/(-2). What are the prime factors of w(p)?
47
List the prime factors of 3696/10 + 8/20.
2, 5, 37
Let s be ((-5)/(-2))/(1/2). Let k(t) = -t - 7. Let l(f) = f. Let r(c) = -k(c) - 2*l(c). What are the prime factors of r(s)?
2
Let z(v) = v + 3. Let j be z(-3). Suppose -2*d + 5*c - 13 = j, 0 = 4*d - 0*d + 5*c - 49. What are the prime factors of d?
2, 3
Let m(h) = -h**2 - 36*h - 69. List the prime factors of m(-29).
2, 67
Let q(m) = 2*m**2 - 7*m + 4. Let i be q(4). Let n be 18/3*(-6)/9. What are the prime factors of (n - 0)*(-10)/i?
5
What are the prime factors of (-1 - 1/(-3))/(6/(-2529))?
281
Let v(f) = -f**2 + 4*f - 3. Let o be v(2). List the prime factors of (2/(-2))/(o/(-14)).
2, 7
Let q(d) = -d - 1. Let k be q(3). Let r = k - -7. Let h(g) = 3*g - 3. List the prime factors of h(r).
2, 3
Let t be ((-7)/4)/7*-12. Suppose 235 = 2*v + t*v. What are the prime factors of v?
47
Suppose 94 = 2*i + 3*w - 2*w, -w = -4*i + 176. Let u = i - 25. List the prime factors of u.
2, 5
Let v(b) = -b**3 + 8*b**2 + 9*b + 11. List the prime factors of v(8).
83
Let d(v) = v**3 + v**2 - v. Let r(l) = 2*l**3 - 3*l**2 - 5. Let n(o) = 3*d(o) - r(o). What are the prime factors of n(-6)?
23
Suppose -3*o + o - n = -7, 3*o - 2*n - 7 = 0. Suppose 29 + 7 = -o*f. Let v = -2 - f. What are the prime factors of v?
2, 5
Let a(g) = 2*g**2 + 19*g + 5. What are the prime factors of a(-13)?
2, 3
Let l be (-246)/(-4)*4/6. Suppose -i - 31 = -3*d, -d = 5*i - l + 4. List the prime factors of d.
2, 3
Suppose 115*t - 111*t = 580. What are the prime factors of t?
5, 29
Let p = 6 + 3. Suppose -135 = -p*h + 4*h. List the prime factors of h.
3
Let k = 268 - 124. What are the prime factors of k?
2, 3
Suppose 3*s + 4*g - 12 = 5*s, -3 = -5*s - g. Suppose -3*r - 2*j - 3*j = -10, -3*j + 6 = s. Suppose r = -2*o + o + 11. List the prime factors of o.
11
Let q = -19 + 36. Suppose 4*m - q = 11. List the prime factors of m.
7
Suppose -3*k + 0*k + 18 = 0. Suppose 0 = -2*i + k + 2. Suppose -j = -7*d + 4*d + 18, 5*j = i*d - 13. What are the prime factors of d?
7
Let t be ((-70)/30)/((-1)/3). Suppose -t*d + 82 = -5*d. List the prime factors of d.
41
Let h(u) = u**3 + 10*u**2 - u - 7. Let y be h(-5). Suppose -3*t + y - 45 = 0. What are the prime factors of t?
2, 13
Let r = 12 + -22. Let u be (-25)/r + 2/(-4). Suppose 1 = -u*v + 13. List the prime factors of v.
2, 3
Let z(w) = 2*w**2 + 37*w + 11. What are the prime factors of z(-20)?
71
Suppose -3*p - 4*g = 0, 23 = 5*p - g - 0*g. Suppose 5*y - 7 = p*y. What are the prime factors of y?
7
What are the prime factors of -2*14*(-1)/1?
2, 7
Let c be (110/11)/((-2)/(-4)). Let q = 6 + c. List the prime factors of q.
2, 13
Suppose 0 = 5*m + 2*r - r - 84, -36 = -m - 5*r. Suppose -2*x - m = -6*x. Suppose 7*h + x*n = 3*h + 56, -2*h + 27 = n. What are the prime factors of h?
13
Let r(a) = a**3 + 6*a**2 + 3*a + 3. What are the prime factors of r(-4)?
23
List the prime factors of ((-88)/110)/((-1)/95).
2, 19
List the prime factors of 4/(-12) - (-280)/3.
3, 31
Suppose 7*c - 1698 + 396 = 0. List the prime factors of c.
2, 3, 31
Let v(k) = -k**3 - k**2 + 6*k + 6. What are the prime factors of v(-4)?
2, 3, 5
What are the prime factors of 2/8 - (1750/(-8))/1?
3, 73
Let m(w) = 2*w**2 + 3*w - 3. Let f be m(2). Let j = f - -4. What are the prime factors of j?
3, 5
Suppose 120 = 2*x + x. What are the prime factors of (336/(-40))/((-6)/x)?
2, 7
Let o(r) be the third derivative of r**4/24 + 4*r**3/3 - r**2. List the prime factors of o(-6).
2
Suppose 2*l = 2, 0*l + l = -n - 2. Let u(y) = 8*y + 2. Let a(z) = -4*z - 1. Let f(v) = -11*a(v) - 6*u(v). What are the prime factors of f(n)?
11
Suppose 4*x - 1 = -9. Let y(s) = -2*s**2 - 3*s - 1. Let g be y(x). What are the prime factors of (-3 - (-39)/3) + g?
7
Let q = 99 - 45. List the prime factors of q.
2, 3
List the prime factors of (-24)/(-30) + ((-871)/(-5))/1.
5, 7
Let l = -166 - -224. List the prime factors of l.
2, 29
Suppose 31 = 5*s + 2*f, -4*s + 2*f + 14 = -0*f. Let b = 9 + s. List the prime factors of b.
2, 7
Let t be 8*(69/12 - -1). Suppose 0 = 2*h + 4*p - t, -14 = -4*h - p + 73. What are the prime factors of h?
3, 7
What are the prime factors of (36/(-9) - (56 + -1))*-1?
59
Suppose 2*j = 5*w - 58 + 155, -j + 50 = -w. What are the prime factors of j?
3, 17
Let m be 10/40 - 19/(-4). Suppose 79 = m*u - 4*b, u + 5*b - 14 = -4. What are the prime factors of u?
3, 5
Suppose 0 = 4*g + 2*h + 2*h + 4, 0 = -4*g + 5*h + 23. Suppose m = -2*c + 8, -g*c = 3*c + 5. What are the prime factors of m?
2, 5
Let h(g) = -g**3 + 4*g**2 - 2*g. Let i be h(3). Suppose -i*x = f - 81, 2*x + 63 = 5*x - 5*f. Suppose -4*v + x = -10. What are the prime factors of v?
3
Suppose 0 = -42*i + 34*i + 2408. What are the prime factors of i?
7, 43
Let p(b) = -16*b. List the prime factors of p(-2).
2
What are the prime factors of 94/(-8)*(-4 + -4)?
2, 47
Let k(w) = w**2 + 8*w + 1. Let c be k(-8). Let o be ((-2)/(-4))/(c/(-10)). What are the prime factors of o/10 - (-50)/4?
2, 3
Let d(h) be the first derivative of h**2/2 + 2. Let o be d(5). Suppose -f = -2*c - 8 + 37, 5*c = -o*f + 110. List the prime factors of c.
17
Suppose 0*b - 3 = b + 3*o, -5 = -4*b + 5*o. List the prime factors of 38 - (-3 - b/1).
41
Let y be (-57)/2 + (-2)/4. Let g = -18 - y. List the prime factors of g.
11
Let a(c) = 4*c**2 - 6*c - 4. Let w be a(9). What are the prime factors of ((-2)/(-4))/(7/w)?
19
Let b(x) = -23*x + 3. Let p be b(1). What are the prime factors of (-1)/(-4) + (-835)/p?
2, 3, 7
Suppose 2*h + 1 = 3*h. What are the prime factors of h/4*(57 + -5)?
13
Suppose -7 = 3*w - 61. What are the prime factors of w?
2, 3
Suppose -4*v - 2*k = 4, 2*v - 3 = 4*k - 5. Let b(j) = 29*j**2 + 1. What are the prime factors of b(v)?
2, 3, 5
Let q be 6/7*(-70)/(-15). Suppose 4*r - q = 108. List the prime factors of r.
2, 7
Let p(r) be the first derivative of 2*r**3/3 - 5*r**2/2 + 3*r + 3. List the prime factors of p(3).
2, 3
Suppose -5*s - 2*a + 23 = 0, 3*s - 7 - 5 = -3*a. Suppose 2*c + 3*y = 0, 0 = s*c + 4*y - 9 + 2. Suppose c*x = -2*x + 20. List the prime factors of x.
2
Let h be 0 - -27 - 15/(-5). Let s = 67 - h. What are the prime factors of s?
37
Let m = -10 - -19. Suppose m*i = 8*i + 2. List the prime factors of i.
2
Suppose -5*z - y = -7, -5*z + 0*z - 1 = -3*y. Let m be 2/(-1 - z) - 1. What are the prime factors of (1/m)/((-7)/224)?
2
Suppose -6*b + 3*b + 15 = 0. Let k(t) = -t**3 + 6*t**2 - 5*t + 7. List the prime factors of k(b).
7
List the prime factors of 1*39/(-6)*-2.
13
Let x = -40 + 61. Suppose 2*a - 5*a + x = 0. List the prime factors of a.
7
Let r be ((-8)/(-12))/(3/18). Suppose r*p - 5*p + 9 = 0. What are the prime factors of p?
3
Let d(q) = -20*q + 5. Let x be d(-6). Suppose -10*k + 5*k = -x. List the prime factors of k.
5
Let c be (3 - (-1 + 4)) + 2. Suppose 3*z = -c*z + 25. Let m(n) = n**3 - 6*n**2 + 7*n + 1. List the prime factors of m(z).
11
Suppose -6*r - 405 = -9*r. List the prime factors of r.
3, 5
Let f(j) = j - 3. Let x be f(4). List the prime factors of 16/6*x*3.
2
Let c(w) = -3*w - 2 + 0*w - 9 + 0*w. What are the prime factors of c(-9)?
2
Let d = 10 + -17. Let u be (-3 - d)/(-1*1). List the prime factors of (38/4)/((-2)/u).
19
Suppose 2*r - 80 = 4*n, -2*r - 4*n + 59 + 5 = 0. What are the prime factors of r?
2, 3
Let s(z) = -z**3 + 2*z**2 - 3*z + 1. Let v be s(2). Let g be (0 - v) + -1 + -1. Suppose 0 = g*y - 8 - 19. What are the prime factors of y?
3
Suppose 2*z - h = -3*z - 17, -3*h = -3*z - 3. List the prime factors of z/14 - 48/(-21).
2
Let a = -52 - -319. List the prime factors of a.
3, 89
Let r be 1*((0 - 3) + -1). Let h = 6 + r. List the prime factors of 3 + -6 + 36/h.
3, 5
Suppose 3*i = 5*z + 2 + 23, -z + 5*i - 5 = 0. List the prime factors of 3 + z + 3 + 7.
2
Suppose -2*n = -0*n + l - 31, 3*l = 5*n - 105. What are the prime factors of n?
2, 3
Let q = -10 + 14. Suppose u + 25 = -q*u. Let z = u - -9. What are the prime factors of z?
2
Suppose r = -0*r - 18. Let t = -8 - r. Let b = t - 7. List the prime factors of b.
3
Suppose 0 = -4*h - h. Suppose h = -5*s - 3*m - 1, 2*s - 5 = -3*m - 0. List the prime factors of -1 - ((-12 - s) + -1).
2, 5
Suppose 0*t + 15 = 5*t. Suppose -2*c + 7 = 5*n, -c = 